{"id":48846,"date":"2025-10-17T10:31:34","date_gmt":"2025-10-17T08:31:34","guid":{"rendered":"https:\/\/fundacioncbcanarias.org\/?post_type=eventos&#038;p=48846"},"modified":"2025-10-23T11:16:57","modified_gmt":"2025-10-23T09:16:57","slug":"visibilizacion-baloncesto-inclusivo-y-adaptado-colegio-buen-consejo-la-laguna","status":"publish","type":"eventos","link":"https:\/\/fundacioncbcanarias.org\/en\/actividad\/visibilizacion-baloncesto-inclusivo-y-adaptado-colegio-buen-consejo-la-laguna\/","title":{"rendered":"Visibilizaci\u00f3n baloncesto inclusivo y adaptado Colegio Buen Consejo La Laguna"},"content":{"rendered":"<p>Iniciamos el curso 25\/26 del proyecto Visibilizaci\u00f3n baloncesto inclusivo y adaptado visitando el Colegio Bueno Consejo de La Laguna, donde propusimos un entrenamiento de tecnificaci\u00f3n por estaciones. Nos acompa\u00f1\u00f3 \u2018Naturalmente Margui\u2019, que llev\u00f3 a cabo un taller de h\u00e1bitos de vida saludable.<\/p>\n","protected":false},"excerpt":{"rendered":"<p>Iniciamos el curso 25\/26 del proyecto Visibilizaci\u00f3n baloncesto inclusivo y adaptado visitando el Colegio Bueno Consejo de La Laguna, donde propusimos un entrenamiento de tecnificaci\u00f3n por estaciones. Nos acompa\u00f1\u00f3 \u2018Naturalmente Margui\u2019, que llev\u00f3 a cabo un taller de h\u00e1bitos de vida saludable.<\/p>\n","protected":false},"featured_media":48847,"template":"","categoria_eventos":[],"class_list":{"0":"post-48846","1":"eventos","2":"type-eventos","3":"status-publish","4":"has-post-thumbnail","6":"entry"},"_links":{"self":[{"href":"https:\/\/fundacioncbcanarias.org\/en\/wp-json\/wp\/v2\/eventos\/48846","targetHints":{"allow":["GET"]}}],"collection":[{"href":"https:\/\/fundacioncbcanarias.org\/en\/wp-json\/wp\/v2\/eventos"}],"about":[{"href":"https:\/\/fundacioncbcanarias.org\/en\/wp-json\/wp\/v2\/types\/eventos"}],"wp:featuredmedia":[{"embeddable":true,"href":"https:\/\/fundacioncbcanarias.org\/en\/wp-json\/wp\/v2\/media\/48847"}],"wp:attachment":[{"href":"https:\/\/fundacioncbcanarias.org\/en\/wp-json\/wp\/v2\/media?parent=48846"}],"wp:term":[{"taxonomy":"categoria_eventos","embeddable":true,"href":"https:\/\/fundacioncbcanarias.org\/en\/wp-json\/wp\/v2\/categoria_eventos?post=48846"}],"curies":[{"name":"wp","href":"https:\/\/api.w.org\/{rel}","templated":true}]}}

Visibilización baloncesto inclusivo y adaptado Colegio Buen Consejo La Laguna

<p>Iniciamos el curso 25/26 del proyecto Visibilización baloncesto inclusivo y adaptado visitando el Colegio Bueno Consejo de La Laguna, donde propusimos un entrenamiento de tecnificación por estaciones. Nos acompañó ‘Naturalmente Margui’, que llevó a cabo un taller de hábitos de vida saludable.</p>
