{"id":48852,"date":"2025-10-17T10:33:34","date_gmt":"2025-10-17T08:33:34","guid":{"rendered":"https:\/\/fundacioncbcanarias.org\/?post_type=eventos&#038;p=48852"},"modified":"2025-10-23T11:11:53","modified_gmt":"2025-10-23T09:11:53","slug":"visibilizacion-baloncesto-inclusivo-y-adaptado-ceip-el-draguillo","status":"publish","type":"eventos","link":"https:\/\/fundacioncbcanarias.org\/en\/actividad\/visibilizacion-baloncesto-inclusivo-y-adaptado-ceip-el-draguillo\/","title":{"rendered":"Visibilizaci\u00f3n baloncesto inclusivo y adaptado-CEIP El Draguillo"},"content":{"rendered":"<div class=\"xdj266r x14z9mp xat24cr x1lziwak x1vvkbs x126k92a\">\n<div dir=\"auto\">Nueva visita de Visibilizaci\u00f3n Baloncesto Inclusivo y Adaptado al CEIP El Draguillo en Santa Cruz de Tenerife. El curso pasado ya estuvimos en este centro, pudiendo en esta ocasi\u00f3n llevar a cabo un entrenamiento de tecnificaci\u00f3n por estaciones que hace un a\u00f1o la lluvia nos impidi\u00f3 realizar.<\/div>\n<\/div>\n","protected":false},"excerpt":{"rendered":"<p>Nueva visita de Visibilizaci\u00f3n Baloncesto Inclusivo y Adaptado al CEIP El Draguillo en Santa Cruz de Tenerife. El curso pasado ya estuvimos en este centro, pudiendo en esta ocasi\u00f3n llevar a cabo un entrenamiento de tecnificaci\u00f3n por estaciones que hace un a\u00f1o la lluvia nos impidi\u00f3 realizar.<\/p>\n","protected":false},"featured_media":48895,"template":"","categoria_eventos":[],"class_list":{"0":"post-48852","1":"eventos","2":"type-eventos","3":"status-publish","4":"has-post-thumbnail","6":"entry"},"_links":{"self":[{"href":"https:\/\/fundacioncbcanarias.org\/en\/wp-json\/wp\/v2\/eventos\/48852","targetHints":{"allow":["GET"]}}],"collection":[{"href":"https:\/\/fundacioncbcanarias.org\/en\/wp-json\/wp\/v2\/eventos"}],"about":[{"href":"https:\/\/fundacioncbcanarias.org\/en\/wp-json\/wp\/v2\/types\/eventos"}],"wp:featuredmedia":[{"embeddable":true,"href":"https:\/\/fundacioncbcanarias.org\/en\/wp-json\/wp\/v2\/media\/48895"}],"wp:attachment":[{"href":"https:\/\/fundacioncbcanarias.org\/en\/wp-json\/wp\/v2\/media?parent=48852"}],"wp:term":[{"taxonomy":"categoria_eventos","embeddable":true,"href":"https:\/\/fundacioncbcanarias.org\/en\/wp-json\/wp\/v2\/categoria_eventos?post=48852"}],"curies":[{"name":"wp","href":"https:\/\/api.w.org\/{rel}","templated":true}]}}

Visibilización baloncesto inclusivo y adaptado-CEIP El Draguillo

<div class="xdj266r x14z9mp xat24cr x1lziwak x1vvkbs x126k92a">
<div dir="auto">Nueva visita de Visibilización Baloncesto Inclusivo y Adaptado al CEIP El Draguillo en Santa Cruz de Tenerife. El curso pasado ya estuvimos en este centro, pudiendo en esta ocasión llevar a cabo un entrenamiento de tecnificación por estaciones que hace un año la lluvia nos impidió realizar.</div>
</div>

<p>Nueva visita de Visibilización Baloncesto Inclusivo y Adaptado al CEIP El Draguillo en Santa Cruz de Tenerife. El curso pasado ya estuvimos en este centro, pudiendo en esta ocasión llevar a cabo un entrenamiento de tecnificación por estaciones que hace un año la lluvia nos impidió realizar.</p>
