{"id":48853,"date":"2025-10-17T10:33:59","date_gmt":"2025-10-17T08:33:59","guid":{"rendered":"https:\/\/fundacioncbcanarias.org\/?post_type=eventos&#038;p=48853"},"modified":"2025-10-28T22:48:20","modified_gmt":"2025-10-28T21:48:20","slug":"visibilizacion-baloncesto-inclusivo-y-adaptado-colegio-hispano-ingles","status":"publish","type":"eventos","link":"https:\/\/fundacioncbcanarias.org\/en\/actividad\/visibilizacion-baloncesto-inclusivo-y-adaptado-colegio-hispano-ingles\/","title":{"rendered":"Visibilizaci\u00f3n baloncesto inclusivo y adaptado-Colegio Hispano Ingl\u00e9s"},"content":{"rendered":"<p>El proyecto Visibilizaci\u00f3n baloncesto inclusivo y adaptado volvi\u00f3 al Colegio Hispano Ingl\u00e9s de Santa Cruz, un centro con el que nuestra Fundaci\u00f3n mantiene un fuerte v\u00ednculo, ya que sus instalaciones suelen acoger algunos de nuestros campus. Adem\u00e1s, su alumnado se ha significado por sumarse a muchas de nuestras actividades como voluntarios.<\/p>\n","protected":false},"excerpt":{"rendered":"<p>El proyecto Visibilizaci\u00f3n baloncesto inclusivo y adaptado volvi\u00f3 al Colegio Hispano Ingl\u00e9s de Santa Cruz, un centro con el que nuestra Fundaci\u00f3n mantiene un fuerte v\u00ednculo, ya que sus instalaciones suelen acoger algunos de nuestros campus. Adem\u00e1s, su alumnado se ha significado por sumarse a muchas de nuestras actividades como voluntarios.<\/p>\n","protected":false},"featured_media":48955,"template":"","categoria_eventos":[],"class_list":{"0":"post-48853","1":"eventos","2":"type-eventos","3":"status-publish","4":"has-post-thumbnail","6":"entry"},"_links":{"self":[{"href":"https:\/\/fundacioncbcanarias.org\/en\/wp-json\/wp\/v2\/eventos\/48853","targetHints":{"allow":["GET"]}}],"collection":[{"href":"https:\/\/fundacioncbcanarias.org\/en\/wp-json\/wp\/v2\/eventos"}],"about":[{"href":"https:\/\/fundacioncbcanarias.org\/en\/wp-json\/wp\/v2\/types\/eventos"}],"wp:featuredmedia":[{"embeddable":true,"href":"https:\/\/fundacioncbcanarias.org\/en\/wp-json\/wp\/v2\/media\/48955"}],"wp:attachment":[{"href":"https:\/\/fundacioncbcanarias.org\/en\/wp-json\/wp\/v2\/media?parent=48853"}],"wp:term":[{"taxonomy":"categoria_eventos","embeddable":true,"href":"https:\/\/fundacioncbcanarias.org\/en\/wp-json\/wp\/v2\/categoria_eventos?post=48853"}],"curies":[{"name":"wp","href":"https:\/\/api.w.org\/{rel}","templated":true}]}}

Visibilización baloncesto inclusivo y adaptado-Colegio Hispano Inglés

<p>El proyecto Visibilización baloncesto inclusivo y adaptado volvió al Colegio Hispano Inglés de Santa Cruz, un centro con el que nuestra Fundación mantiene un fuerte vínculo, ya que sus instalaciones suelen acoger algunos de nuestros campus. Además, su alumnado se ha significado por sumarse a muchas de nuestras actividades como voluntarios.</p>
