{"id":48854,"date":"2025-10-17T10:34:35","date_gmt":"2025-10-17T08:34:35","guid":{"rendered":"https:\/\/fundacioncbcanarias.org\/?post_type=eventos&#038;p=48854"},"modified":"2025-12-02T16:39:20","modified_gmt":"2025-12-02T15:39:20","slug":"visibilizacion-baloncesto-inclusivo-y-adaptado-ceip-camino-de-la-villa","status":"publish","type":"eventos","link":"https:\/\/fundacioncbcanarias.org\/en\/actividad\/visibilizacion-baloncesto-inclusivo-y-adaptado-ceip-camino-de-la-villa\/","title":{"rendered":"Visibilizaci\u00f3n baloncesto inclusivo y adaptado-CEIP Camino de la Villa"},"content":{"rendered":"<p>Visibilizaci\u00f3n baloncesto inclusivo y adaptado repiti\u00f3 en el CEIP Camino de la Villa, donde ya ha hab\u00eda llevado a cabo una visita en el curso 24\/25. En esta ocasi\u00f3n nos acompa\u00f1\u00f3 la Asociaci\u00f3n Equidades Canarias. Este centro de La Laguna es sede de una de nuestras escuelas de baloncesto inclusivo y tambi\u00e9n es sede de la actividad Baloncesto entre adolescentes.<\/p>\n","protected":false},"excerpt":{"rendered":"<p>Visibilizaci\u00f3n baloncesto inclusivo y adaptado repiti\u00f3 en el CEIP Camino de la Villa, donde ya ha hab\u00eda llevado a cabo una visita en el curso 24\/25. En esta ocasi\u00f3n nos acompa\u00f1\u00f3 la Asociaci\u00f3n Equidades Canarias. Este centro de La Laguna es sede de una de nuestras escuelas de baloncesto inclusivo y tambi\u00e9n es sede de [&hellip;]<\/p>\n","protected":false},"featured_media":51922,"template":"","categoria_eventos":[],"class_list":{"0":"post-48854","1":"eventos","2":"type-eventos","3":"status-publish","4":"has-post-thumbnail","6":"entry"},"_links":{"self":[{"href":"https:\/\/fundacioncbcanarias.org\/en\/wp-json\/wp\/v2\/eventos\/48854","targetHints":{"allow":["GET"]}}],"collection":[{"href":"https:\/\/fundacioncbcanarias.org\/en\/wp-json\/wp\/v2\/eventos"}],"about":[{"href":"https:\/\/fundacioncbcanarias.org\/en\/wp-json\/wp\/v2\/types\/eventos"}],"wp:featuredmedia":[{"embeddable":true,"href":"https:\/\/fundacioncbcanarias.org\/en\/wp-json\/wp\/v2\/media\/51922"}],"wp:attachment":[{"href":"https:\/\/fundacioncbcanarias.org\/en\/wp-json\/wp\/v2\/media?parent=48854"}],"wp:term":[{"taxonomy":"categoria_eventos","embeddable":true,"href":"https:\/\/fundacioncbcanarias.org\/en\/wp-json\/wp\/v2\/categoria_eventos?post=48854"}],"curies":[{"name":"wp","href":"https:\/\/api.w.org\/{rel}","templated":true}]}}

Visibilización baloncesto inclusivo y adaptado-CEIP Camino de la Villa

<p>Visibilización baloncesto inclusivo y adaptado repitió en el CEIP Camino de la Villa, donde ya ha había llevado a cabo una visita en el curso 24/25. En esta ocasión nos acompañó la Asociación Equidades Canarias. Este centro de La Laguna es sede de una de nuestras escuelas de baloncesto inclusivo y también es sede de la actividad Baloncesto entre adolescentes.</p>

<p>Visibilización baloncesto inclusivo y adaptado repitió en el CEIP Camino de la Villa, donde ya ha había llevado a cabo una visita en el curso 24/25. En esta ocasión nos acompañó la Asociación Equidades Canarias. Este centro de La Laguna es sede de una de nuestras escuelas de baloncesto inclusivo y también es sede de [&hellip;]</p>
