{"id":48856,"date":"2025-10-17T10:35:17","date_gmt":"2025-10-17T08:35:17","guid":{"rendered":"https:\/\/fundacioncbcanarias.org\/?post_type=eventos&#038;p=48856"},"modified":"2025-12-02T16:32:43","modified_gmt":"2025-12-02T15:32:43","slug":"visibilizacion-baloncesto-inclusivo-y-adaptado-ceip-carmen-alvarez-barranco-grande","status":"publish","type":"eventos","link":"https:\/\/fundacioncbcanarias.org\/en\/actividad\/visibilizacion-baloncesto-inclusivo-y-adaptado-ceip-carmen-alvarez-barranco-grande\/","title":{"rendered":"Visibilizaci\u00f3n baloncesto inclusivo y adaptado-CEIP Carmen \u00c1lvarez Barranco Grande"},"content":{"rendered":"<p>El proyecto &#8216;Visibilizaci\u00f3n baloncesto inclusivo y adaptado&#8217; visit\u00f3 por vez primera el CEIP Carmen \u00c1lvarez de Barranco Hondo (Candelaria), donde llevamos a cabo nuestro habitual entrenamiento de tecnificaci\u00f3n por estaciones, adem\u00e1s de un taller de h\u00e1bitos de vida saludable a cargo de Naturalmente Margui y Elaborador en Canarias.<\/p>\n","protected":false},"excerpt":{"rendered":"<p>El proyecto &#8216;Visibilizaci\u00f3n baloncesto inclusivo y adaptado&#8217; visit\u00f3 por vez primera el CEIP Carmen \u00c1lvarez de Barranco Hondo (Candelaria), donde llevamos a cabo nuestro habitual entrenamiento de tecnificaci\u00f3n por estaciones, adem\u00e1s de un taller de h\u00e1bitos de vida saludable a cargo de Naturalmente Margui y Elaborador en Canarias.<\/p>\n","protected":false},"featured_media":51752,"template":"","categoria_eventos":[],"class_list":{"0":"post-48856","1":"eventos","2":"type-eventos","3":"status-publish","4":"has-post-thumbnail","6":"entry"},"_links":{"self":[{"href":"https:\/\/fundacioncbcanarias.org\/en\/wp-json\/wp\/v2\/eventos\/48856","targetHints":{"allow":["GET"]}}],"collection":[{"href":"https:\/\/fundacioncbcanarias.org\/en\/wp-json\/wp\/v2\/eventos"}],"about":[{"href":"https:\/\/fundacioncbcanarias.org\/en\/wp-json\/wp\/v2\/types\/eventos"}],"wp:featuredmedia":[{"embeddable":true,"href":"https:\/\/fundacioncbcanarias.org\/en\/wp-json\/wp\/v2\/media\/51752"}],"wp:attachment":[{"href":"https:\/\/fundacioncbcanarias.org\/en\/wp-json\/wp\/v2\/media?parent=48856"}],"wp:term":[{"taxonomy":"categoria_eventos","embeddable":true,"href":"https:\/\/fundacioncbcanarias.org\/en\/wp-json\/wp\/v2\/categoria_eventos?post=48856"}],"curies":[{"name":"wp","href":"https:\/\/api.w.org\/{rel}","templated":true}]}}

Visibilización baloncesto inclusivo y adaptado-CEIP Carmen Álvarez Barranco Grande

<p>El proyecto &#8216;Visibilización baloncesto inclusivo y adaptado&#8217; visitó por vez primera el CEIP Carmen Álvarez de Barranco Hondo (Candelaria), donde llevamos a cabo nuestro habitual entrenamiento de tecnificación por estaciones, además de un taller de hábitos de vida saludable a cargo de Naturalmente Margui y Elaborador en Canarias.</p>
