{"id":48952,"date":"2025-10-28T22:44:55","date_gmt":"2025-10-28T21:44:55","guid":{"rendered":"https:\/\/fundacioncbcanarias.org\/?post_type=eventos&#038;p=48952"},"modified":"2025-12-02T16:41:50","modified_gmt":"2025-12-02T15:41:50","slug":"visibilizacion-baloncesto-inclusivo-y-adaptado-ceip-chimisay","status":"publish","type":"eventos","link":"https:\/\/fundacioncbcanarias.org\/en\/actividad\/visibilizacion-baloncesto-inclusivo-y-adaptado-ceip-chimisay\/","title":{"rendered":"Visibilizaci\u00f3n baloncesto inclusivo y adaptado-CEIP Chimisay"},"content":{"rendered":"<p>Volvi\u00f3 el proyecto Visibilizaci\u00f3n baloncesto inclusivo y adaptado al CEIP Chimsay, donde ya estuvo el curso 24\/25.<\/p>\n","protected":false},"excerpt":{"rendered":"<p>Volvi\u00f3 el proyecto Visibilizaci\u00f3n baloncesto inclusivo y adaptado al CEIP Chimsay, donde ya estuvo el curso 24\/25.<\/p>\n","protected":false},"featured_media":51926,"template":"","categoria_eventos":[],"class_list":{"0":"post-48952","1":"eventos","2":"type-eventos","3":"status-publish","4":"has-post-thumbnail","6":"entry"},"_links":{"self":[{"href":"https:\/\/fundacioncbcanarias.org\/en\/wp-json\/wp\/v2\/eventos\/48952","targetHints":{"allow":["GET"]}}],"collection":[{"href":"https:\/\/fundacioncbcanarias.org\/en\/wp-json\/wp\/v2\/eventos"}],"about":[{"href":"https:\/\/fundacioncbcanarias.org\/en\/wp-json\/wp\/v2\/types\/eventos"}],"wp:featuredmedia":[{"embeddable":true,"href":"https:\/\/fundacioncbcanarias.org\/en\/wp-json\/wp\/v2\/media\/51926"}],"wp:attachment":[{"href":"https:\/\/fundacioncbcanarias.org\/en\/wp-json\/wp\/v2\/media?parent=48952"}],"wp:term":[{"taxonomy":"categoria_eventos","embeddable":true,"href":"https:\/\/fundacioncbcanarias.org\/en\/wp-json\/wp\/v2\/categoria_eventos?post=48952"}],"curies":[{"name":"wp","href":"https:\/\/api.w.org\/{rel}","templated":true}]}}

Visibilización baloncesto inclusivo y adaptado-CEIP Chimisay

<p>Volvió el proyecto Visibilización baloncesto inclusivo y adaptado al CEIP Chimsay, donde ya estuvo el curso 24/25.</p>
