{"id":51934,"date":"2025-12-02T16:48:34","date_gmt":"2025-12-02T15:48:34","guid":{"rendered":"https:\/\/fundacioncbcanarias.org\/?post_type=eventos&#038;p=51934"},"modified":"2025-12-21T22:54:38","modified_gmt":"2025-12-21T21:54:38","slug":"una-manana-con-el-cb-canarias-2","status":"publish","type":"eventos","link":"https:\/\/fundacioncbcanarias.org\/en\/actividad\/una-manana-con-el-cb-canarias-2\/","title":{"rendered":"Una ma\u00f1ana con el CB Canarias"},"content":{"rendered":"<p>Segunda jornada de la &#8216;Actividades l\u00fadicas de ocio saludable con alumnado de los IES del municipio \u2013 Una ma\u00f1ana con el CB Canarias\u2019, enmarcada en el proyecto \u2018No a las adicciones, s\u00ed al baloncesto, elige vida\u2019, impulsado por la concejal\u00eda de Atenci\u00f3n a las Drogodependencias del Ayuntamiento de La Laguna, con la colaboraci\u00f3n del CB Canarias y el Organismo Aut\u00f3nomo de Deportes (OAD).<\/p>\n<p>Este segundo encuentro del presente curso tuvo lugar nuevamente en el Pabell\u00f3n Alberto Delgado.<\/p>\n","protected":false},"excerpt":{"rendered":"<p>Segunda jornada de la &#8216;Actividades l\u00fadicas de ocio saludable con alumnado de los IES del municipio \u2013 Una ma\u00f1ana con el CB Canarias\u2019, enmarcada en el proyecto \u2018No a las adicciones, s\u00ed al baloncesto, elige vida\u2019, impulsado por la concejal\u00eda de Atenci\u00f3n a las Drogodependencias del Ayuntamiento de La Laguna, con la colaboraci\u00f3n del CB [&hellip;]<\/p>\n","protected":false},"featured_media":52032,"template":"","categoria_eventos":[],"class_list":{"0":"post-51934","1":"eventos","2":"type-eventos","3":"status-publish","4":"has-post-thumbnail","6":"entry"},"_links":{"self":[{"href":"https:\/\/fundacioncbcanarias.org\/en\/wp-json\/wp\/v2\/eventos\/51934","targetHints":{"allow":["GET"]}}],"collection":[{"href":"https:\/\/fundacioncbcanarias.org\/en\/wp-json\/wp\/v2\/eventos"}],"about":[{"href":"https:\/\/fundacioncbcanarias.org\/en\/wp-json\/wp\/v2\/types\/eventos"}],"wp:featuredmedia":[{"embeddable":true,"href":"https:\/\/fundacioncbcanarias.org\/en\/wp-json\/wp\/v2\/media\/52032"}],"wp:attachment":[{"href":"https:\/\/fundacioncbcanarias.org\/en\/wp-json\/wp\/v2\/media?parent=51934"}],"wp:term":[{"taxonomy":"categoria_eventos","embeddable":true,"href":"https:\/\/fundacioncbcanarias.org\/en\/wp-json\/wp\/v2\/categoria_eventos?post=51934"}],"curies":[{"name":"wp","href":"https:\/\/api.w.org\/{rel}","templated":true}]}}

Una mañana con el CB Canarias

<p>Segunda jornada de la &#8216;Actividades lúdicas de ocio saludable con alumnado de los IES del municipio – Una mañana con el CB Canarias’, enmarcada en el proyecto ‘No a las adicciones, sí al baloncesto, elige vida’, impulsado por la concejalía de Atención a las Drogodependencias del Ayuntamiento de La Laguna, con la colaboración del CB Canarias y el Organismo Autónomo de Deportes (OAD).</p>
<p>Este segundo encuentro del presente curso tuvo lugar nuevamente en el Pabellón Alberto Delgado.</p>

<p>Segunda jornada de la &#8216;Actividades lúdicas de ocio saludable con alumnado de los IES del municipio – Una mañana con el CB Canarias’, enmarcada en el proyecto ‘No a las adicciones, sí al baloncesto, elige vida’, impulsado por la concejalía de Atención a las Drogodependencias del Ayuntamiento de La Laguna, con la colaboración del CB [&hellip;]</p>
