{"id":51937,"date":"2025-12-02T16:51:03","date_gmt":"2025-12-02T15:51:03","guid":{"rendered":"https:\/\/fundacioncbcanarias.org\/?post_type=eventos&#038;p=51937"},"modified":"2025-12-02T16:51:03","modified_gmt":"2025-12-02T15:51:03","slug":"campus-inclusivo-de-navidad","status":"publish","type":"eventos","link":"https:\/\/fundacioncbcanarias.org\/en\/actividad\/campus-inclusivo-de-navidad\/","title":{"rendered":"Campus Inclusivo de Navidad"},"content":{"rendered":"<p class=\"m_-2338608513847853934Poromisin\">El Cabildo de Tenerife, a trav\u00e9s de la empresa p\u00fablica Ideco, y la Fundaci\u00f3n CB Canarias presentan el \u2018Campus Inclusivo de Navidad 2025\u2019, que se desarrollar\u00e1 del 22 al 30 de diciembre en el Complejo Deportivo Santa Cruz-Ofra, en horario de 08:30 a 13:30 horas.<u><\/u><u><\/u><u><\/u>\u00a0<u><\/u><\/p>\n<p class=\"m_-2338608513847853934Poromisin\">La actividad alcanza su tercera edici\u00f3n, d\u00e1ndose continuidad de esta forma al trabajo que en este tipo de encuentros se vine haciendo desde el verano de 2023 y que al margen de las \u00e9pocas navide\u00f1a y estival tambi\u00e9n se ha replicado en Semana Santa.<u><\/u><u><\/u><u><\/u><\/p>\n","protected":false},"excerpt":{"rendered":"<p>El Cabildo de Tenerife, a trav\u00e9s de la empresa p\u00fablica Ideco, y la Fundaci\u00f3n CB Canarias presentan el \u2018Campus Inclusivo de Navidad 2025\u2019, que se desarrollar\u00e1 del 22 al 30 de diciembre en el Complejo Deportivo Santa Cruz-Ofra, en horario de 08:30 a 13:30 horas.\u00a0 La actividad alcanza su tercera edici\u00f3n, d\u00e1ndose continuidad de esta [&hellip;]<\/p>\n","protected":false},"featured_media":51915,"template":"","categoria_eventos":[],"class_list":{"0":"post-51937","1":"eventos","2":"type-eventos","3":"status-publish","4":"has-post-thumbnail","6":"entry"},"_links":{"self":[{"href":"https:\/\/fundacioncbcanarias.org\/en\/wp-json\/wp\/v2\/eventos\/51937","targetHints":{"allow":["GET"]}}],"collection":[{"href":"https:\/\/fundacioncbcanarias.org\/en\/wp-json\/wp\/v2\/eventos"}],"about":[{"href":"https:\/\/fundacioncbcanarias.org\/en\/wp-json\/wp\/v2\/types\/eventos"}],"wp:featuredmedia":[{"embeddable":true,"href":"https:\/\/fundacioncbcanarias.org\/en\/wp-json\/wp\/v2\/media\/51915"}],"wp:attachment":[{"href":"https:\/\/fundacioncbcanarias.org\/en\/wp-json\/wp\/v2\/media?parent=51937"}],"wp:term":[{"taxonomy":"categoria_eventos","embeddable":true,"href":"https:\/\/fundacioncbcanarias.org\/en\/wp-json\/wp\/v2\/categoria_eventos?post=51937"}],"curies":[{"name":"wp","href":"https:\/\/api.w.org\/{rel}","templated":true}]}}

<p class="m_-2338608513847853934Poromisin">El Cabildo de Tenerife, a través de la empresa pública Ideco, y la Fundación CB Canarias presentan el ‘Campus Inclusivo de Navidad 2025’, que se desarrollará del 22 al 30 de diciembre en el Complejo Deportivo Santa Cruz-Ofra, en horario de 08:30 a 13:30 horas.<u></u><u></u><u></u> <u></u></p>
<p class="m_-2338608513847853934Poromisin">La actividad alcanza su tercera edición, dándose continuidad de esta forma al trabajo que en este tipo de encuentros se vine haciendo desde el verano de 2023 y que al margen de las épocas navideña y estival también se ha replicado en Semana Santa.<u></u><u></u><u></u></p>

<p>El Cabildo de Tenerife, a través de la empresa pública Ideco, y la Fundación CB Canarias presentan el ‘Campus Inclusivo de Navidad 2025’, que se desarrollará del 22 al 30 de diciembre en el Complejo Deportivo Santa Cruz-Ofra, en horario de 08:30 a 13:30 horas.  La actividad alcanza su tercera edición, dándose continuidad de esta [&hellip;]</p>
