{"id":52120,"date":"2026-01-14T19:31:00","date_gmt":"2026-01-14T18:31:00","guid":{"rendered":"https:\/\/fundacioncbcanarias.org\/?post_type=eventos&#038;p=52120"},"modified":"2026-01-14T19:31:00","modified_gmt":"2026-01-14T18:31:00","slug":"una-manana-con-el-cb-canarias-3","status":"publish","type":"eventos","link":"https:\/\/fundacioncbcanarias.org\/en\/actividad\/una-manana-con-el-cb-canarias-3\/","title":{"rendered":"Una ma\u00f1ana con el CB Canarias"},"content":{"rendered":"<p>Tercera jornada del presente curso de la \u2018Actividades l\u00fadicas de ocio saludable con alumnado de los IES del municipio \u2013 Una ma\u00f1ana con el CB Canarias\u2019, enmarcada en el proyecto \u2018No a las adicciones, s\u00ed al baloncesto, elige vida\u2019, impulsado por la concejal\u00eda de Atenci\u00f3n a las Drogodependencias del Ayuntamiento de La Laguna, con la colaboraci\u00f3n del CB Canarias y el Organismo Aut\u00f3nomo de Deportes (OAD).<\/p>\n<p>Este tercera encuentro del presente curso tendr\u00e1 lugar nuevamente en el Pabell\u00f3n Alberto Delgado.<\/p>\n","protected":false},"excerpt":{"rendered":"<p>Tercera jornada del presente curso de la \u2018Actividades l\u00fadicas de ocio saludable con alumnado de los IES del municipio \u2013 Una ma\u00f1ana con el CB Canarias\u2019, enmarcada en el proyecto \u2018No a las adicciones, s\u00ed al baloncesto, elige vida\u2019, impulsado por la concejal\u00eda de Atenci\u00f3n a las Drogodependencias del Ayuntamiento de La Laguna, con la [&hellip;]<\/p>\n","protected":false},"featured_media":52034,"template":"","categoria_eventos":[],"class_list":{"0":"post-52120","1":"eventos","2":"type-eventos","3":"status-publish","4":"has-post-thumbnail","6":"entry"},"_links":{"self":[{"href":"https:\/\/fundacioncbcanarias.org\/en\/wp-json\/wp\/v2\/eventos\/52120","targetHints":{"allow":["GET"]}}],"collection":[{"href":"https:\/\/fundacioncbcanarias.org\/en\/wp-json\/wp\/v2\/eventos"}],"about":[{"href":"https:\/\/fundacioncbcanarias.org\/en\/wp-json\/wp\/v2\/types\/eventos"}],"wp:featuredmedia":[{"embeddable":true,"href":"https:\/\/fundacioncbcanarias.org\/en\/wp-json\/wp\/v2\/media\/52034"}],"wp:attachment":[{"href":"https:\/\/fundacioncbcanarias.org\/en\/wp-json\/wp\/v2\/media?parent=52120"}],"wp:term":[{"taxonomy":"categoria_eventos","embeddable":true,"href":"https:\/\/fundacioncbcanarias.org\/en\/wp-json\/wp\/v2\/categoria_eventos?post=52120"}],"curies":[{"name":"wp","href":"https:\/\/api.w.org\/{rel}","templated":true}]}}

Una mañana con el CB Canarias

<p>Tercera jornada del presente curso de la ‘Actividades lúdicas de ocio saludable con alumnado de los IES del municipio – Una mañana con el CB Canarias’, enmarcada en el proyecto ‘No a las adicciones, sí al baloncesto, elige vida’, impulsado por la concejalía de Atención a las Drogodependencias del Ayuntamiento de La Laguna, con la colaboración del CB Canarias y el Organismo Autónomo de Deportes (OAD).</p>
<p>Este tercera encuentro del presente curso tendrá lugar nuevamente en el Pabellón Alberto Delgado.</p>

<p>Tercera jornada del presente curso de la ‘Actividades lúdicas de ocio saludable con alumnado de los IES del municipio – Una mañana con el CB Canarias’, enmarcada en el proyecto ‘No a las adicciones, sí al baloncesto, elige vida’, impulsado por la concejalía de Atención a las Drogodependencias del Ayuntamiento de La Laguna, con la [&hellip;]</p>
