{"id":52271,"date":"2026-03-20T18:28:56","date_gmt":"2026-03-20T17:28:56","guid":{"rendered":"https:\/\/fundacioncbcanarias.org\/?post_type=eventos&#038;p=52271"},"modified":"2026-03-20T18:30:17","modified_gmt":"2026-03-20T17:30:17","slug":"campus-inclusivo-de-semana-santa","status":"publish","type":"eventos","link":"https:\/\/fundacioncbcanarias.org\/en\/actividad\/campus-inclusivo-de-semana-santa\/","title":{"rendered":"Campus Inclusivo de Semana Santa"},"content":{"rendered":"<p>El Cabildo Insular de Tenerife y la Fundaci\u00f3n CB Canarias organizan la tercera edici\u00f3n del \u2018Campus Inclusivo de Baloncesto de Semana Santa\u2019, que se desarrollar\u00e1 el Complejo Deportivo Santa Cruz-Ofra.\u00a0Campamento de car\u00e1cter gratuito para ni\u00f1os y ni\u00f1as sin discapacidad, de 6 a 18 a\u00f1os, y con discapacidad, de 6 a 21 a\u00f1os. El programa incluye actividades relacionadas con el deporte inclusivo y el baloncesto adaptado en silla de ruedas, adem\u00e1s de talleres de batidos naturales y expresi\u00f3n corporal.<\/p>\n","protected":false},"excerpt":{"rendered":"<p>El Cabildo Insular de Tenerife y la Fundaci\u00f3n CB Canarias organizan la tercera edici\u00f3n del \u2018Campus Inclusivo de Baloncesto de Semana Santa\u2019, que se desarrollar\u00e1 el Complejo Deportivo Santa Cruz-Ofra.\u00a0Campamento de car\u00e1cter gratuito para ni\u00f1os y ni\u00f1as sin discapacidad, de 6 a 18 a\u00f1os, y con discapacidad, de 6 a 21 a\u00f1os. El programa incluye [&hellip;]<\/p>\n","protected":false},"featured_media":52251,"template":"","categoria_eventos":[15,16],"class_list":{"0":"post-52271","1":"eventos","2":"type-eventos","3":"status-publish","4":"has-post-thumbnail","6":"categoria_eventos-baloncesto","7":"categoria_eventos-deporte","8":"entry"},"_links":{"self":[{"href":"https:\/\/fundacioncbcanarias.org\/en\/wp-json\/wp\/v2\/eventos\/52271","targetHints":{"allow":["GET"]}}],"collection":[{"href":"https:\/\/fundacioncbcanarias.org\/en\/wp-json\/wp\/v2\/eventos"}],"about":[{"href":"https:\/\/fundacioncbcanarias.org\/en\/wp-json\/wp\/v2\/types\/eventos"}],"wp:featuredmedia":[{"embeddable":true,"href":"https:\/\/fundacioncbcanarias.org\/en\/wp-json\/wp\/v2\/media\/52251"}],"wp:attachment":[{"href":"https:\/\/fundacioncbcanarias.org\/en\/wp-json\/wp\/v2\/media?parent=52271"}],"wp:term":[{"taxonomy":"categoria_eventos","embeddable":true,"href":"https:\/\/fundacioncbcanarias.org\/en\/wp-json\/wp\/v2\/categoria_eventos?post=52271"}],"curies":[{"name":"wp","href":"https:\/\/api.w.org\/{rel}","templated":true}]}}

<p>El Cabildo Insular de Tenerife y la Fundación CB Canarias organizan la tercera edición del ‘Campus Inclusivo de Baloncesto de Semana Santa’, que se desarrollará el Complejo Deportivo Santa Cruz-Ofra. Campamento de carácter gratuito para niños y niñas sin discapacidad, de 6 a 18 años, y con discapacidad, de 6 a 21 años. El programa incluye actividades relacionadas con el deporte inclusivo y el baloncesto adaptado en silla de ruedas, además de talleres de batidos naturales y expresión corporal.</p>

<p>El Cabildo Insular de Tenerife y la Fundación CB Canarias organizan la tercera edición del ‘Campus Inclusivo de Baloncesto de Semana Santa’, que se desarrollará el Complejo Deportivo Santa Cruz-Ofra. Campamento de carácter gratuito para niños y niñas sin discapacidad, de 6 a 18 años, y con discapacidad, de 6 a 21 años. El programa incluye [&hellip;]</p>
