{"id":52280,"date":"2026-03-25T21:03:35","date_gmt":"2026-03-25T20:03:35","guid":{"rendered":"https:\/\/fundacioncbcanarias.org\/?post_type=eventos&#038;p=52280"},"modified":"2026-03-25T21:10:51","modified_gmt":"2026-03-25T20:10:51","slug":"visibilizacion-baloncesto-inclusivo-y-adaptado-ceip-montana-pacho","status":"publish","type":"eventos","link":"https:\/\/fundacioncbcanarias.org\/en\/actividad\/visibilizacion-baloncesto-inclusivo-y-adaptado-ceip-montana-pacho\/","title":{"rendered":"Visibilizaci\u00f3n baloncesto inclusivo y adaptado-CEIP Monta\u00f1a Pacho"},"content":{"rendered":"<p>La Fundaci\u00f3n CB Canarias, dentro de proyecto \u2018Visibilizaci\u00f3n Baloncesto Inclusivo y Adaptado\u2019, visitar\u00e1 el 21 de abril el CEIP Monta\u00f1a Pacho (La Laguna).<\/p>\n","protected":false},"excerpt":{"rendered":"<p>La Fundaci\u00f3n CB Canarias, dentro de proyecto \u2018Visibilizaci\u00f3n Baloncesto Inclusivo y Adaptado\u2019, visitar\u00e1 el 21 de abril el CEIP Monta\u00f1a Pacho (La Laguna).<\/p>\n","protected":false},"featured_media":51991,"template":"","categoria_eventos":[15,16],"class_list":{"0":"post-52280","1":"eventos","2":"type-eventos","3":"status-publish","4":"has-post-thumbnail","6":"categoria_eventos-baloncesto","7":"categoria_eventos-deporte","8":"entry"},"_links":{"self":[{"href":"https:\/\/fundacioncbcanarias.org\/en\/wp-json\/wp\/v2\/eventos\/52280","targetHints":{"allow":["GET"]}}],"collection":[{"href":"https:\/\/fundacioncbcanarias.org\/en\/wp-json\/wp\/v2\/eventos"}],"about":[{"href":"https:\/\/fundacioncbcanarias.org\/en\/wp-json\/wp\/v2\/types\/eventos"}],"wp:featuredmedia":[{"embeddable":true,"href":"https:\/\/fundacioncbcanarias.org\/en\/wp-json\/wp\/v2\/media\/51991"}],"wp:attachment":[{"href":"https:\/\/fundacioncbcanarias.org\/en\/wp-json\/wp\/v2\/media?parent=52280"}],"wp:term":[{"taxonomy":"categoria_eventos","embeddable":true,"href":"https:\/\/fundacioncbcanarias.org\/en\/wp-json\/wp\/v2\/categoria_eventos?post=52280"}],"curies":[{"name":"wp","href":"https:\/\/api.w.org\/{rel}","templated":true}]}}

Visibilización baloncesto inclusivo y adaptado-CEIP Montaña Pacho

<p>La Fundación CB Canarias, dentro de proyecto ‘Visibilización Baloncesto Inclusivo y Adaptado’, visitará el 21 de abril el CEIP Montaña Pacho (La Laguna).</p>
