{"id":52338,"date":"2026-04-07T17:11:51","date_gmt":"2026-04-07T15:11:51","guid":{"rendered":"https:\/\/fundacioncbcanarias.org\/?post_type=eventos&#038;p=52338"},"modified":"2026-04-07T17:11:51","modified_gmt":"2026-04-07T15:11:51","slug":"ii-jornada-fes-2026-deporte-y-mujer","status":"publish","type":"eventos","link":"https:\/\/fundacioncbcanarias.org\/en\/actividad\/ii-jornada-fes-2026-deporte-y-mujer\/","title":{"rendered":"II Jornada FES 2026 \u2018Deporte y Mujer\u2019"},"content":{"rendered":"<p>El Ayuntamiento de La Laguna, a trav\u00e9s del Foro Econ\u00f3mico y Social, y la Fundaci\u00f3n Club Baloncesto Canarias, celebrar\u00e1 este pr\u00f3ximo viernes la II Jornada FES 2026 \u2018Deporte y Mujer\u2019, una propuesta que pretende seguir generando espacios de reflexi\u00f3n, di\u00e1logo y reconocimiento a figuras relevantes del deporte femenino que han realizado aportaciones destacadas en su modalidad.  <\/p>\n<p>La cita cuenta con la colaboraci\u00f3n de la Fundaci\u00f3n Club Deportivo Tenerife, el Organismo Aut\u00f3nomo de Deportes (OAD) y la concejal\u00eda de Igualdad y LGBTI del Consistorio. La inscripci\u00f3n ser\u00e1 gratuita y podr\u00e1 formalizarse a trav\u00e9s del enlace https:\/\/www.aytolalaguna.es\/servicios\/FES. El aforo previsto es limitado y ya se ha confirmado la asistencia de un centenar de personas.<\/p>\n","protected":false},"excerpt":{"rendered":"<p>El Ayuntamiento de La Laguna, a trav\u00e9s del Foro Econ\u00f3mico y Social, y la Fundaci\u00f3n Club Baloncesto Canarias, celebrar\u00e1 este pr\u00f3ximo viernes la II Jornada FES 2026 \u2018Deporte y Mujer\u2019, una propuesta que pretende seguir generando espacios de reflexi\u00f3n, di\u00e1logo y reconocimiento a figuras relevantes del deporte femenino que han realizado aportaciones destacadas en su [&hellip;]<\/p>\n","protected":false},"featured_media":52303,"template":"","categoria_eventos":[15],"class_list":{"0":"post-52338","1":"eventos","2":"type-eventos","3":"status-publish","4":"has-post-thumbnail","6":"categoria_eventos-baloncesto","7":"entry"},"_links":{"self":[{"href":"https:\/\/fundacioncbcanarias.org\/en\/wp-json\/wp\/v2\/eventos\/52338","targetHints":{"allow":["GET"]}}],"collection":[{"href":"https:\/\/fundacioncbcanarias.org\/en\/wp-json\/wp\/v2\/eventos"}],"about":[{"href":"https:\/\/fundacioncbcanarias.org\/en\/wp-json\/wp\/v2\/types\/eventos"}],"wp:featuredmedia":[{"embeddable":true,"href":"https:\/\/fundacioncbcanarias.org\/en\/wp-json\/wp\/v2\/media\/52303"}],"wp:attachment":[{"href":"https:\/\/fundacioncbcanarias.org\/en\/wp-json\/wp\/v2\/media?parent=52338"}],"wp:term":[{"taxonomy":"categoria_eventos","embeddable":true,"href":"https:\/\/fundacioncbcanarias.org\/en\/wp-json\/wp\/v2\/categoria_eventos?post=52338"}],"curies":[{"name":"wp","href":"https:\/\/api.w.org\/{rel}","templated":true}]}}

<p>El Ayuntamiento de La Laguna, a través del Foro Económico y Social, y la Fundación Club Baloncesto Canarias, celebrará este próximo viernes la II Jornada FES 2026 ‘Deporte y Mujer’, una propuesta que pretende seguir generando espacios de reflexión, diálogo y reconocimiento a figuras relevantes del deporte femenino que han realizado aportaciones destacadas en su modalidad.  </p>
<p>La cita cuenta con la colaboración de la Fundación Club Deportivo Tenerife, el Organismo Autónomo de Deportes (OAD) y la concejalía de Igualdad y LGBTI del Consistorio. La inscripción será gratuita y podrá formalizarse a través del enlace https://www.aytolalaguna.es/servicios/FES. El aforo previsto es limitado y ya se ha confirmado la asistencia de un centenar de personas.</p>

<p>El Ayuntamiento de La Laguna, a través del Foro Económico y Social, y la Fundación Club Baloncesto Canarias, celebrará este próximo viernes la II Jornada FES 2026 ‘Deporte y Mujer’, una propuesta que pretende seguir generando espacios de reflexión, diálogo y reconocimiento a figuras relevantes del deporte femenino que han realizado aportaciones destacadas en su [&hellip;]</p>
