{"id":52356,"date":"2026-04-11T21:58:03","date_gmt":"2026-04-11T19:58:03","guid":{"rendered":"https:\/\/fundacioncbcanarias.org\/?post_type=eventos&#038;p=52356"},"modified":"2026-04-11T21:58:55","modified_gmt":"2026-04-11T19:58:55","slug":"visibilizacion-baloncesto-inclusivo-y-adaptado-ceip-emeterio-gutierrez-albelo","status":"publish","type":"eventos","link":"https:\/\/fundacioncbcanarias.org\/en\/actividad\/visibilizacion-baloncesto-inclusivo-y-adaptado-ceip-emeterio-gutierrez-albelo\/","title":{"rendered":"Visibilizaci\u00f3n baloncesto inclusivo y adaptado-CEIP Emeterio Guti\u00e9rrez Albelo"},"content":{"rendered":"<p>La Fundaci\u00f3n CB Canarias, dentro de proyecto \u2018Visibilizaci\u00f3n Baloncesto Inclusivo y Adaptado\u2019, visitar\u00e1 el 28 de abril el CEIP Emeterio Guti\u00e9rrez Albelo (Tacoronte).<\/p>\n","protected":false},"excerpt":{"rendered":"<p>La Fundaci\u00f3n CB Canarias, dentro de proyecto \u2018Visibilizaci\u00f3n Baloncesto Inclusivo y Adaptado\u2019, visitar\u00e1 el 28 de abril el CEIP Emeterio Guti\u00e9rrez Albelo (Tacoronte).<\/p>\n","protected":false},"featured_media":52357,"template":"","categoria_eventos":[],"class_list":{"0":"post-52356","1":"eventos","2":"type-eventos","3":"status-publish","4":"has-post-thumbnail","6":"entry"},"_links":{"self":[{"href":"https:\/\/fundacioncbcanarias.org\/en\/wp-json\/wp\/v2\/eventos\/52356","targetHints":{"allow":["GET"]}}],"collection":[{"href":"https:\/\/fundacioncbcanarias.org\/en\/wp-json\/wp\/v2\/eventos"}],"about":[{"href":"https:\/\/fundacioncbcanarias.org\/en\/wp-json\/wp\/v2\/types\/eventos"}],"wp:featuredmedia":[{"embeddable":true,"href":"https:\/\/fundacioncbcanarias.org\/en\/wp-json\/wp\/v2\/media\/52357"}],"wp:attachment":[{"href":"https:\/\/fundacioncbcanarias.org\/en\/wp-json\/wp\/v2\/media?parent=52356"}],"wp:term":[{"taxonomy":"categoria_eventos","embeddable":true,"href":"https:\/\/fundacioncbcanarias.org\/en\/wp-json\/wp\/v2\/categoria_eventos?post=52356"}],"curies":[{"name":"wp","href":"https:\/\/api.w.org\/{rel}","templated":true}]}}

Visibilización baloncesto inclusivo y adaptado-CEIP Emeterio Gutiérrez Albelo

<p>La Fundación CB Canarias, dentro de proyecto ‘Visibilización Baloncesto Inclusivo y Adaptado’, visitará el 28 de abril el CEIP Emeterio Gutiérrez Albelo (Tacoronte).</p>
